[INFO] cloning repository https://github.com/Pazzaz/assert_all_eq
[INFO] running `Command { std: "git" "-c" "credential.helper=" "-c" "credential.helper=/workspace/cargo-home/bin/git-credential-null" "clone" "--bare" "https://github.com/Pazzaz/assert_all_eq" "/workspace/cache/git-repos/https%3A%2F%2Fgithub.com%2FPazzaz%2Fassert_all_eq", kill_on_drop: false }`
[INFO] [stderr] Cloning into bare repository '/workspace/cache/git-repos/https%3A%2F%2Fgithub.com%2FPazzaz%2Fassert_all_eq'...
[INFO] running `Command { std: "git" "rev-parse" "HEAD", kill_on_drop: false }`
[INFO] [stdout] 66c2a05cc54adee531a08ba1262520e325c6ba8a
[INFO] checking Pazzaz/assert_all_eq against master#e6e4f7ed1589e03bc2f6c5931c1a72e7947e8682 for beta-170-4
[INFO] running `Command { std: "git" "clone" "/workspace/cache/git-repos/https%3A%2F%2Fgithub.com%2FPazzaz%2Fassert_all_eq" "/workspace/builds/worker-0-tc2/source", kill_on_drop: false }`
[INFO] [stderr] Cloning into '/workspace/builds/worker-0-tc2/source'...
[INFO] [stderr] done.
[INFO] validating manifest of git repo https://github.com/Pazzaz/assert_all_eq on toolchain e6e4f7ed1589e03bc2f6c5931c1a72e7947e8682
[INFO] running `Command { std: CARGO_HOME="/workspace/cargo-home" RUSTUP_HOME="/workspace/rustup-home" "/workspace/cargo-home/bin/cargo" "+e6e4f7ed1589e03bc2f6c5931c1a72e7947e8682" "metadata" "--manifest-path" "Cargo.toml" "--no-deps", kill_on_drop: false }`
[INFO] started tweaking git repo https://github.com/Pazzaz/assert_all_eq
[INFO] finished tweaking git repo https://github.com/Pazzaz/assert_all_eq
[INFO] tweaked toml for git repo https://github.com/Pazzaz/assert_all_eq written to /workspace/builds/worker-0-tc2/source/Cargo.toml
[INFO] crate git repo https://github.com/Pazzaz/assert_all_eq already has a lockfile, it will not be regenerated
[INFO] running `Command { std: CARGO_HOME="/workspace/cargo-home" RUSTUP_HOME="/workspace/rustup-home" "/workspace/cargo-home/bin/cargo" "+e6e4f7ed1589e03bc2f6c5931c1a72e7947e8682" "fetch" "--manifest-path" "Cargo.toml", kill_on_drop: false }`
[INFO] running `Command { std: "docker" "create" "-v" "/var/lib/crater-agent-workspace/builds/worker-0-tc2/target:/opt/rustwide/target:rw,Z" "-v" "/var/lib/crater-agent-workspace/builds/worker-0-tc2/source:/opt/rustwide/workdir:ro,Z" "-v" "/var/lib/crater-agent-workspace/cargo-home:/opt/rustwide/cargo-home:ro,Z" "-v" "/var/lib/crater-agent-workspace/rustup-home:/opt/rustwide/rustup-home:ro,Z" "-e" "SOURCE_DIR=/opt/rustwide/workdir" "-e" "CARGO_TARGET_DIR=/opt/rustwide/target" "-e" "CARGO_HOME=/opt/rustwide/cargo-home" "-e" "RUSTUP_HOME=/opt/rustwide/rustup-home" "-w" "/opt/rustwide/workdir" "-m" "1610612736" "--user" "0:0" "--network" "none" "ghcr.io/rust-lang/crates-build-env/linux@sha256:19e73879b68f455e41552ea35293514db52ea292d993f571636dbffedb77a1ee" "/opt/rustwide/cargo-home/bin/cargo" "+e6e4f7ed1589e03bc2f6c5931c1a72e7947e8682" "metadata" "--no-deps" "--format-version=1", kill_on_drop: false }`
[INFO] [stdout] 6385a963b9dfab25d0d2ced734b6bdbb32b17b154c97aa813328ad1eaf4f02e0
[INFO] running `Command { std: "docker" "start" "-a" "6385a963b9dfab25d0d2ced734b6bdbb32b17b154c97aa813328ad1eaf4f02e0", kill_on_drop: false }`
[INFO] running `Command { std: "docker" "inspect" "6385a963b9dfab25d0d2ced734b6bdbb32b17b154c97aa813328ad1eaf4f02e0", kill_on_drop: false }`
[INFO] running `Command { std: "docker" "rm" "-f" "6385a963b9dfab25d0d2ced734b6bdbb32b17b154c97aa813328ad1eaf4f02e0", kill_on_drop: false }`
[INFO] [stdout] 6385a963b9dfab25d0d2ced734b6bdbb32b17b154c97aa813328ad1eaf4f02e0
[INFO] running `Command { std: "docker" "create" "-v" "/var/lib/crater-agent-workspace/builds/worker-0-tc2/target:/opt/rustwide/target:rw,Z" "-v" "/var/lib/crater-agent-workspace/builds/worker-0-tc2/source:/opt/rustwide/workdir:ro,Z" "-v" "/var/lib/crater-agent-workspace/cargo-home:/opt/rustwide/cargo-home:ro,Z" "-v" "/var/lib/crater-agent-workspace/rustup-home:/opt/rustwide/rustup-home:ro,Z" "-e" "SOURCE_DIR=/opt/rustwide/workdir" "-e" "CARGO_TARGET_DIR=/opt/rustwide/target" "-e" "CARGO_INCREMENTAL=0" "-e" "RUST_BACKTRACE=full" "-e" "RUSTFLAGS=--cap-lints=forbid" "-e" "RUSTDOCFLAGS=--cap-lints=forbid" "-e" "CARGO_HOME=/opt/rustwide/cargo-home" "-e" "RUSTUP_HOME=/opt/rustwide/rustup-home" "-w" "/opt/rustwide/workdir" "-m" "1610612736" "--user" "0:0" "--network" "none" "ghcr.io/rust-lang/crates-build-env/linux@sha256:19e73879b68f455e41552ea35293514db52ea292d993f571636dbffedb77a1ee" "/opt/rustwide/cargo-home/bin/cargo" "+e6e4f7ed1589e03bc2f6c5931c1a72e7947e8682" "check" "--frozen" "--all" "--all-targets" "--message-format=json", kill_on_drop: false }`
[INFO] [stdout] 5a89dfa035873155f162d097f496fd96aea405655595e8165aaced49f91aa662
[INFO] running `Command { std: "docker" "start" "-a" "5a89dfa035873155f162d097f496fd96aea405655595e8165aaced49f91aa662", kill_on_drop: false }`
[INFO] [stderr]     Checking assert_all_eq v0.1.0 (/opt/rustwide/workdir)
[INFO] [stdout] error[E0425]: cannot find value `left_val` in this scope
[INFO] [stdout]    --> src/lib.rs:63:40
[INFO] [stdout]     |
[INFO] [stdout] 63  |                                 not_eq(left_val, right_val, b);
[INFO] [stdout]     |                                        ^^^^^^^^ not found in this scope
[INFO] [stdout] ...
[INFO] [stdout] 148 |         assert_all_eq!(3, 3, 3);
[INFO] [stdout]     |         ----------------------- in this macro invocation
[INFO] [stdout]     |
[INFO] [stdout]     = note: this error originates in the macro `assert_all_eq` (in Nightly builds, run with -Z macro-backtrace for more info)
[INFO] [stdout] 
[INFO] [stdout] 
[INFO] [stdout] error[E0425]: cannot find value `left_val` in this scope
[INFO] [stdout]    --> src/lib.rs:63:40
[INFO] [stdout]     |
[INFO] [stdout] 63  |                                 not_eq(left_val, right_val, b);
[INFO] [stdout]     |                                        ^^^^^^^^ not found in this scope
[INFO] [stdout] ...
[INFO] [stdout] 153 |         assert_all_eq!(3, 3, 4);
[INFO] [stdout]     |         ----------------------- in this macro invocation
[INFO] [stdout]     |
[INFO] [stdout]     = note: this error originates in the macro `assert_all_eq` (in Nightly builds, run with -Z macro-backtrace for more info)
[INFO] [stdout] 
[INFO] [stdout] 
[INFO] [stdout] error[E0425]: cannot find value `left_val` in this scope
[INFO] [stdout]    --> src/lib.rs:63:40
[INFO] [stdout]     |
[INFO] [stdout] 63  |                                 not_eq(left_val, right_val, b);
[INFO] [stdout]     |                                        ^^^^^^^^ not found in this scope
[INFO] [stdout] ...
[INFO] [stdout] 166 |         assert_all_eq!(a(), b(), c());
[INFO] [stdout]     |         ----------------------------- in this macro invocation
[INFO] [stdout]     |
[INFO] [stdout]     = note: this error originates in the macro `assert_all_eq` (in Nightly builds, run with -Z macro-backtrace for more info)
[INFO] [stdout] 
[INFO] [stdout] 
[INFO] [stdout] error[E0425]: cannot find value `left_val` in this scope
[INFO] [stdout]    --> src/lib.rs:63:40
[INFO] [stdout]     |
[INFO] [stdout] 63  |                                 not_eq(left_val, right_val, b);
[INFO] [stdout]     |                                        ^^^^^^^^ not found in this scope
[INFO] [stdout] ...
[INFO] [stdout] 177 |         assert_all_eq!(a(), b(), "no");
[INFO] [stdout]     |         ------------------------------ in this macro invocation
[INFO] [stdout]     |
[INFO] [stdout]     = note: this error originates in the macro `assert_all_eq` (in Nightly builds, run with -Z macro-backtrace for more info)
[INFO] [stdout] 
[INFO] [stdout] 
[INFO] [stdout] error[E0425]: cannot find value `left_val` in this scope
[INFO] [stdout]    --> src/lib.rs:63:40
[INFO] [stdout]     |
[INFO] [stdout] 63  |                                 not_eq(left_val, right_val, b);
[INFO] [stdout]     |                                        ^^^^^^^^ not found in this scope
[INFO] [stdout] ...
[INFO] [stdout] 187 |         assert_all_eq!(a(), b(), c, *d, 6, { 3 * 2 });
[INFO] [stdout]     |         --------------------------------------------- in this macro invocation
[INFO] [stdout]     |
[INFO] [stdout]     = note: this error originates in the macro `assert_all_eq` (in Nightly builds, run with -Z macro-backtrace for more info)
[INFO] [stdout] 
[INFO] [stdout] 
[INFO] [stdout] error[E0425]: cannot find value `left_val` in this scope
[INFO] [stdout]    --> src/lib.rs:63:40
[INFO] [stdout]     |
[INFO] [stdout] 63  |                                   not_eq(left_val, right_val, b);
[INFO] [stdout]     |                                          ^^^^^^^^ not found in this scope
[INFO] [stdout] ...
[INFO] [stdout] 193 | /         assert_all_eq!(
[INFO] [stdout] 194 | |             (1..=4).collect::<Vec<_>>().as_slice(),
[INFO] [stdout] 195 | |             &[1, 2, 3, 4],
[INFO] [stdout] 196 | |             &[1, 2, 3, 4],
[INFO] [stdout] 197 | |         );
[INFO] [stdout]     | |_________- in this macro invocation
[INFO] [stdout]     |
[INFO] [stdout]     = note: this error originates in the macro `assert_all_eq` (in Nightly builds, run with -Z macro-backtrace for more info)
[INFO] [stdout] 
[INFO] [stdout] 
[INFO] [stdout] error[E0425]: cannot find value `left_val` in this scope
[INFO] [stdout]    --> src/lib.rs:63:40
[INFO] [stdout]     |
[INFO] [stdout] 63  |                                   not_eq(left_val, right_val, b);
[INFO] [stdout]     |                                          ^^^^^^^^ not found in this scope
[INFO] [stdout] ...
[INFO] [stdout] 198 | /         assert_all_eq!(
[INFO] [stdout] 199 | |             &[1, 2, 3, 4],
[INFO] [stdout] 200 | |             &[1, 2, 3, 4],
[INFO] [stdout] 201 | |             (1..=4).collect::<Vec<_>>().as_slice(),
[INFO] [stdout] 202 | |             &[1, 2, 3, 4],
[INFO] [stdout] 203 | |         );
[INFO] [stdout]     | |_________- in this macro invocation
[INFO] [stdout]     |
[INFO] [stdout]     = note: this error originates in the macro `assert_all_eq` (in Nightly builds, run with -Z macro-backtrace for more info)
[INFO] [stdout] 
[INFO] [stdout] 
[INFO] [stdout] error[E0425]: cannot find value `left_val` in this scope
[INFO] [stdout]    --> src/lib.rs:63:40
[INFO] [stdout]     |
[INFO] [stdout] 63  |                                   not_eq(left_val, right_val, b);
[INFO] [stdout]     |                                          ^^^^^^^^ not found in this scope
[INFO] [stdout] ...
[INFO] [stdout] 208 | /         assert_all_eq!(
[INFO] [stdout] 209 | |             1, 1, 1, 1, 1, 1, 1, 1, 1, 1, 1, 1, 1, 1, 1, 1, 1, 1, 1, 1, 1, 1, 1, 1, 1, 1, 1, 1, 1,
[INFO] [stdout] 210 | |             1, 1, 1, 1, 1, 1, 1, 1, 1, 1, 1, 1, 1, 1, 1, 1, 1, 1, 1, 1, 1, 1, 1, 1, 1, 1, 1, 1, 1,
[INFO] [stdout] 211 | |             1, 1, 1, 1, 1, 1, 1, 1, 1, 1, 1, 1, 1, 1, 1, 1, 1, 1, 1, 1, 1, 1, 1, 1, 1, 1, 1, 1, 1,
[INFO] [stdout] ...   |
[INFO] [stdout] 217 | |             1, 1, 1, 1, 1, 1, 1, 1, 1, 1, 1, 1, 1, 1, 1, 1, 1, 1, 1, 1, 1
[INFO] [stdout] 218 | |         );
[INFO] [stdout]     | |_________- in this macro invocation
[INFO] [stdout]     |
[INFO] [stdout]     = note: this error originates in the macro `assert_all_eq` (in Nightly builds, run with -Z macro-backtrace for more info)
[INFO] [stdout] 
[INFO] [stdout] 
[INFO] [stdout] error[E0425]: cannot find value `left_val` in this scope
[INFO] [stdout]    --> src/lib.rs:63:40
[INFO] [stdout]     |
[INFO] [stdout] 63  |                                   not_eq(left_val, right_val, b);
[INFO] [stdout]     |                                          ^^^^^^^^ not found in this scope
[INFO] [stdout] ...
[INFO] [stdout] 223 | /         assert_all_eq!(
[INFO] [stdout] 224 | |             1, 1, 1, 1, 1, 1, 1, 1, 1, 1, 1, 1, 1, 1, 1, 1, 1, 1, 1, 1, 1, 1, 1, 1, 1, 1, 1, 1, 1,
[INFO] [stdout] 225 | |             1, 1, 1, 1, 1, 1, 1, 1, 1, 1, 1, 1, 1, 1, 1, 1, 1, 1, 1, 1, 1, 1, 1, 1, 1, 1, 1, 1, 1,
[INFO] [stdout] 226 | |             1, 1, 1, 1, 1, 1, 1, 1, 1, 1, 1, 1, 1, 1, 1, 1, 1, 1, 1, 1, 1, 1, 1, 1, 1, 1, 1, 1, 1,
[INFO] [stdout] ...   |
[INFO] [stdout] 232 | |             0, 1, 1, 1, 1, 1, 1, 1, 1, 1, 1, 1, 1, 1, 1, 1, 1, 1, 1, 1, 1
[INFO] [stdout] 233 | |         );
[INFO] [stdout]     | |_________- in this macro invocation
[INFO] [stdout]     |
[INFO] [stdout]     = note: this error originates in the macro `assert_all_eq` (in Nightly builds, run with -Z macro-backtrace for more info)
[INFO] [stdout] 
[INFO] [stdout] 
[INFO] [stdout] error[E0425]: cannot find value `left_val` in this scope
[INFO] [stdout]    --> src/lib.rs:63:40
[INFO] [stdout]     |
[INFO] [stdout] 63  |                                 not_eq(left_val, right_val, b);
[INFO] [stdout]     |                                        ^^^^^^^^ not found in this scope
[INFO] [stdout] ...
[INFO] [stdout] 255 |         assert_all_eq!(a, b, c);
[INFO] [stdout]     |         ----------------------- in this macro invocation
[INFO] [stdout]     |
[INFO] [stdout]     = note: this error originates in the macro `assert_all_eq` (in Nightly builds, run with -Z macro-backtrace for more info)
[INFO] [stdout] 
[INFO] [stdout] 
[INFO] [stdout] error[E0425]: cannot find value `left_val` in this scope
[INFO] [stdout]    --> src/lib.rs:63:40
[INFO] [stdout]     |
[INFO] [stdout] 63  |                                 not_eq(left_val, right_val, b);
[INFO] [stdout]     |                                        ^^^^^^^^ not found in this scope
[INFO] [stdout] ...
[INFO] [stdout] 267 |         assert_all_eq!(a, b, c, d, e, f);
[INFO] [stdout]     |         -------------------------------- in this macro invocation
[INFO] [stdout]     |
[INFO] [stdout]     = note: this error originates in the macro `assert_all_eq` (in Nightly builds, run with -Z macro-backtrace for more info)
[INFO] [stdout] 
[INFO] [stdout] 
[INFO] [stdout] error[E0425]: cannot find value `left_val` in this scope
[INFO] [stdout]    --> src/lib.rs:93:40
[INFO] [stdout]     |
[INFO] [stdout] 93  |                                 not_eq(left_val, right_val, b, &f());
[INFO] [stdout]     |                                        ^^^^^^^^ not found in this scope
[INFO] [stdout] ...
[INFO] [stdout] 279 |         assert_all_eq!(3, 3, 3; "Message");
[INFO] [stdout]     |         ---------------------------------- in this macro invocation
[INFO] [stdout]     |
[INFO] [stdout]     = note: this error originates in the macro `assert_all_eq` (in Nightly builds, run with -Z macro-backtrace for more info)
[INFO] [stdout] 
[INFO] [stdout] 
[INFO] [stdout] error[E0425]: cannot find value `left_val` in this scope
[INFO] [stdout]    --> src/lib.rs:93:40
[INFO] [stdout]     |
[INFO] [stdout] 93  |                                 not_eq(left_val, right_val, b, &f());
[INFO] [stdout]     |                                        ^^^^^^^^ not found in this scope
[INFO] [stdout] ...
[INFO] [stdout] 285 |         assert_all_eq!(3, 3, 3; "Message: {}", 1212);
[INFO] [stdout]     |         -------------------------------------------- in this macro invocation
[INFO] [stdout]     |
[INFO] [stdout]     = note: this error originates in the macro `assert_all_eq` (in Nightly builds, run with -Z macro-backtrace for more info)
[INFO] [stdout] 
[INFO] [stdout] 
[INFO] [stdout] error[E0425]: cannot find value `left_val` in this scope
[INFO] [stdout]    --> src/lib.rs:93:40
[INFO] [stdout]     |
[INFO] [stdout] 93  |                                 not_eq(left_val, right_val, b, &f());
[INFO] [stdout]     |                                        ^^^^^^^^ not found in this scope
[INFO] [stdout] ...
[INFO] [stdout] 290 |         assert_all_eq!(3, 3, 3; "Message: {}, {}", 1212, 5454);
[INFO] [stdout]     |         ------------------------------------------------------ in this macro invocation
[INFO] [stdout]     |
[INFO] [stdout]     = note: this error originates in the macro `assert_all_eq` (in Nightly builds, run with -Z macro-backtrace for more info)
[INFO] [stdout] 
[INFO] [stdout] 
[INFO] [stdout] error[E0425]: cannot find value `left_val` in this scope
[INFO] [stdout]    --> src/lib.rs:63:40
[INFO] [stdout]     |
[INFO] [stdout] 63  |                                 not_eq(left_val, right_val, b);
[INFO] [stdout]     |                                        ^^^^^^^^ not found in this scope
[INFO] [stdout] ...
[INFO] [stdout] 295 |         assert_all_eq!(3, 3, 3,);
[INFO] [stdout]     |         ------------------------ in this macro invocation
[INFO] [stdout]     |
[INFO] [stdout]     = note: this error originates in the macro `assert_all_eq` (in Nightly builds, run with -Z macro-backtrace for more info)
[INFO] [stdout] 
[INFO] [stdout] 
[INFO] [stdout] error[E0425]: cannot find value `left_val` in this scope
[INFO] [stdout]    --> src/lib.rs:63:40
[INFO] [stdout]     |
[INFO] [stdout] 63  |                                 not_eq(left_val, right_val, b);
[INFO] [stdout]     |                                        ^^^^^^^^ not found in this scope
[INFO] [stdout] ...
[INFO] [stdout] 296 |         assert_all_eq!(3, 3, 3,;);
[INFO] [stdout]     |         ------------------------- in this macro invocation
[INFO] [stdout]     |
[INFO] [stdout]     = note: this error originates in the macro `assert_all_eq` (in Nightly builds, run with -Z macro-backtrace for more info)
[INFO] [stdout] 
[INFO] [stdout] 
[INFO] [stdout] error[E0425]: cannot find value `left_val` in this scope
[INFO] [stdout]    --> src/lib.rs:63:40
[INFO] [stdout]     |
[INFO] [stdout] 63  |                                 not_eq(left_val, right_val, b);
[INFO] [stdout]     |                                        ^^^^^^^^ not found in this scope
[INFO] [stdout] ...
[INFO] [stdout] 297 |         assert_all_eq!(3, 3, 3;);
[INFO] [stdout]     |         ------------------------ in this macro invocation
[INFO] [stdout]     |
[INFO] [stdout]     = note: this error originates in the macro `assert_all_eq` (in Nightly builds, run with -Z macro-backtrace for more info)
[INFO] [stdout] 
[INFO] [stdout] 
[INFO] [stdout] error: aborting due to 17 previous errors
[INFO] [stdout] 
[INFO] [stdout] 
[INFO] [stdout] For more information about this error, try `rustc --explain E0425`.
[INFO] [stdout] 
[INFO] [stderr] error: could not compile `assert_all_eq` (lib test) due to 18 previous errors
[INFO] running `Command { std: "docker" "inspect" "5a89dfa035873155f162d097f496fd96aea405655595e8165aaced49f91aa662", kill_on_drop: false }`
[INFO] running `Command { std: "docker" "rm" "-f" "5a89dfa035873155f162d097f496fd96aea405655595e8165aaced49f91aa662", kill_on_drop: false }`
[INFO] [stdout] 5a89dfa035873155f162d097f496fd96aea405655595e8165aaced49f91aa662
